 1?
-574
In base 11, what is -1189 - 0?
-1189
In base 5, what is 1244 + -21?
1223
In base 5, what is 0 - 4413?
-4413
In base 10, what is 1 - -2298?
2299
In base 14, what is b + 497?
4a4
In base 12, what is -22 - 6?
-28
In base 13, what is 4 + -6?
-2
In base 3, what is 100211 - 11?
100200
In base 9, what is 261 - 0?
261
In base 7, what is 265 - -1?
266
In base 14, what is 0 + -80?
-80
In base 3, what is 11 - -220?
1001
In base 9, what is 3 + 1464?
1467
In base 10, what is -3608 + 4?
-3604
In base 11, what is -6 + -476?
-481
In base 12, what is -5b - -1?
-5a
In base 9, what is 1140 - -4?
1144
In base 16, what is 3 + 7dd?
7e0
In base 2, what is -10 - 1111?
-10001
In base 7, what is 501 - -43?
544
In base 8, what is -5 - -40?
33
In base 13, what is 3 - -1b76?
1b79
In base 16, what is -c38 - 5?
-c3d
In base 12, what is -1 + 208?
207
In base 13, what is 242 + -2?
240
In base 6, what is -1352 - -3?
-1345
In base 12, what is -7 - -33?
28
In base 3, what is 0 - 1222?
-1222
In base 6, what is -105 - -24?
-41
In base 15, what is 1 - -56?
57
In base 4, what is -10 + 2020300?
2020230
In base 10, what is -332 + 1?
-331
In base 11, what is -480 - 17?
-497
In base 4, what is -11 + -33203?
-33220
In base 13, what is 2 + 8b9?
8bb
In base 15, what is 1d1 + -5a?
176
In base 4, what is -10 - -120?
110
In base 7, what is 5 + 1061?
1066
In base 6, what is -314 - 3?
-321
In base 5, what is 13221 - 0?
13221
In base 14, what is 5 + 589?
590
In base 3, what is -101 - 201?
-1002
In base 10, what is 125 + 110?
235
In base 7, what is 3 - -241?
244
In base 6, what is 35 + -22?
13
In base 14, what is -7 - -62?
59
In base 15, what is 2 - -1da?
1dc
In base 7, what is -1556 + 11?
-1545
In base 7, what is 113 - 0?
113
In base 11, what is 5 + 119?
123
In base 4, what is 121 - 1?
120
In base 8, what is -144 - 4?
-150
In base 2, what is -1001011111 + 110100?
-1000101011
In base 14, what is -7ac + 3?
-7a9
In base 4, what is 133 - 330?
-131
In base 11, what is 59 - 14?
45
In base 7, what is -13 - -5?
-5
In base 8, what is -1071 - -3?
-1066
In base 12, what is 43a3 - 3?
43a0
In base 5, what is 3 - 40212?
-40204
In base 5, what is -3 - 122?
-130
In base 12, what is -2226 - 2?
-2228
In base 4, what is 2 + -20?
-12
In base 9, what is 6 + 173?
180
In base 4, what is -11 + -10?
-21
In base 2, what is 1010100 - 11?
1010001
In base 11, what is -101 - -59?
-53
In base 6, what is 1225 - -11?
1240
In base 3, what is -112 - 110211?
-111100
In base 13, what is -4 - 151?
-155
In base 13, what is 6 + -7?
-1
In base 5, what is 2 - 2131?
-2124
In base 10, what is -430 + -46?
-476
In base 12, what is -41 + 5?
-38
In base 3, what is 1102120 + -2?
1102111
In base 8, what is 272 - -4?
276
In base 10, what is 2 - 8974?
-8972
In base 11, what is 3 + -56?
-53
In base 7, what is -1012 - -1?
-1011
In base 9, what is 5645 + 5?
5651
In base 16, what is -2ba - -2?
-2b8
In base 9, what is 1673 - -3?
1676
In base 8, what is -33 - 17?
-52
In base 6, what is 40 - 345?
-305
In base 5, what is 0 + 4423?
4423
In base 2, what is 10001011 + -10000?
1111011
In base 2, what is -110000000011 + 1?
-110000000010
In base 7, what is 5 - 0?
5
In base 9, what is 1 + 77?
78
In base 8, what is -5 - -1031?
1024
In base 16, what is 4f + a?
59
In base 13, what is -99 - -2?
-97
In base 15, what is 10333 - -2?
10335
In base 13, what is 4 + 510?
514
In base 9, what is -11 + -17?
-28
In base 13, what is 200 - -26?
226
In base 13, what is 6a + -4c?
1b
In base 9, what is 1073 + 16?
1100
In base 15, what is 86 - -4?
8a
In base 15, what is -2a9 - -4?
-2a5
In base 4, what is 3 - 1100?
-1031
In base 16, what is 85 + 7?
8c
In base 5, what is 22 + -13301?
-13224
In base 15, what is 64 + 0?
64
In base 12, what is a5b + 3?
a62
In base 7, what is 20 + -145?
-125
In base 8, what is -1 + 642?
641
In base 5, what is -2 + 24002?
24000
In base 6, what is 1242 - -2?
1244
In base 6, what is -3 - -215?
212
In base 15, what is 2 + 4e2?
4e4
In base 15, what is 1 - -2?
3
In base 2, what is 10100111 - 111?
10100000
In base 12, what is -60 + 28?
-34
In base 13, what is a1 - 5?
99
In base 2, what is -11000001000 + 100?
-11000000100
In base 12, what is 5b9 + 4?
601
In base 5, what is -10 + -114113?
-114123
In base 6, what is -5 - -551?
542
In base 7, what is -20 + 11?
-6
In base 9, what is -44 - -4?
-40
In base 9, what is -63 - 3?
-66
In base 5, what is 130041 - 1?
130040
In base 14, what is -11 - 0?
-11
In base 13, what is 25 + -5?
20
In base 4, what is -12 + -3022?
-3100
In base 10, what is 2 + 921?
923
In base 10, what is -4452 - -5?
-4447
In base 6, what is 12 + -1?
11
In base 11, what is 4 + -158?
-154
In base 13, what is 1 + -4?
-3
In base 4, what is -2 - 1111?
-1113
In base 12, what is 7 + -b?
-4
In base 13, what is -5 - b2?
-b7
In base 7, what is 504 + 4?
511
In base 14, what is -5 + 175?
170
In base 3, what is -10200 - -10?
-10120
In base 3, what is 1211012 + 0?
1211012
In base 11, what is 20363 - 3?
20360
In base 4, what is 12 - -2313?
2331
In base 3, what is -1101 + 11?
-1020
In base 11, what is 29 + -17?
12
In base 12, what is -14 + -30?
-44
In base 7, what is -21 - -41?
20
In base 15, what is -3 - -3d9?
3d6
In base 8, what is -6 + 17?
11
In base 12, what is 303 + -9?
2b6
In base 14, what is -2 + 1013?
1011
In base 9, what is 1485 + -2?
1483
In base 16, what is -194 - 2?
-196
In base 16, what is 11f - 2d?
f2
In base 10, what is 61 + -5?
56
In base 15, what is 128 - 6?
122
In base 3, what is -212200 - -1?
-212122
In base 14, what is 9 + -3d3?
-3c8
In base 15, what is c3 + -2?
c1
In base 7, what is 2425 + 5?
2433
In base 9, what is -35 - -14?
-21
In base 3, what is -1 - 1002200?
-1002201
In base 7, what is -125 + -1?
-126
In base 7, what is -5 - 16034?
-16042
In base 8, what is -50 + -14?
-64
In base 9, what is -56 - -2?
-54
In base 9, what is 4 - 1883?
-1878
In base 9, what is 73726 + -1?
73725
In base 14, what is 7 + -ba?
-b3
In base 11, what is -2 + 14?
12
In base 4, what is -10112 - -103?
-10003
In base 7, what is 1 + 5?
6
In base 9, what is -2 - -512?
510
In base 11, what is -4 + -4a5?
-4a9
In base 2, what is -111111101 + 1?
-111111100
In base 8, what is 2 + -3513?
-3511
In base 14, what is 5 - 181?
-17a
In base 15, what is 2 + -30e?
-30c
In base 2, what is -11 - 10111?
-11010
In base 15, what is -5 + -4b4?
-4b9
In base 11, what is 33 - 2a8?
-275
In base 5, what is -21 - 1?
-22
In base 9, what is 5 - 5532?
-5526
In base 5, what is 1 - -113?
114
In base 11, what is 8 - 107?
-aa
In base 2, what is -1100000110000 + 10?
-1100000101110
In base 16, what is 0 - 3e?
-3e
In base 6, what is -3 - 152?
-155
In base 15, what is -5a + -1?
-5b
In base 14, what is a0 + 2?
a2
In base 5, what is -3 + -303?
-311
In base 10, what is -1 + -1491?
-1492
In base 2, what is -1100000 - -101011?
-110101
In base 11, what is 158 - -4?
161
In base 10, what is 651 - 5?
646
In base 7, what is -212 - 3?
-215
In base 14, what is -585 + 5?
-580
In base 2, what is 1 - -1000011100?
1000011101
In base 9, what is 1867 - 3?
1864
In base 3, what is 2 + 200?
202
In base 4, what is 1003 + -1210?
-201
In base 16, what is 3 - -42b?
42e
In base 4, what is -1131200 - -11?
-1131123
In base 5, what is -3 + -10232?
-10240
In base 4, what is 13 - -12?
31
In base 2, what is 1 + 100111001?
100111010
In base 16, what is 13 + 17?
2a
In base 9, what is 34784 + -2?
34782
In base 16, what is -a3 - -2?
-a1
In base 16, what is 18 - -4e?
66
In base 5, what is 10 - 31?
-21
In base 13, what is -322 - -1?
-321
In base 5, what is 321142 + 0?
321142
In base 8, what is -3 + 443?
440
In base 8, what is 12 - -100?
112
In base 7, what is 0 + -1516?
-1516
In base 15, what is 14e9 - -5?
14ee
In base 10, what is -40 + -23?
-63
In base 13, what is 2 - a?
-8
In base 11, what is -348 - -2?
-346
In base 15, what is 0 + 150?
150
In base 5, what is 333 - -30?
413
In base 3, what is 10 + 210222?
211002
In base 16, what is 19 - -5?
1e
In base 8, what is 5 + 304?
311
In base 3, what is -11 - -2121?
2110
In base 8, what is -1203 + 5?
-1176
In base 7, what is -22115 - -1?
-22114
In base 16, what is -b + f2?
e7
In base 13, what is 6c + -4?
68
In base 16, what is 1 - 10?
-f
In base 11, what is a - 6?
4
In base 3, what is 1 - 1101?
-1100
In base 14, what is -1c3 - 21?
-204
In base 13, what is 422 - c?
413
In base 5, what is -4 + 